{"id":44,"date":"2015-03-04T21:44:08","date_gmt":"2015-03-04T21:44:08","guid":{"rendered":"http:\/\/tdch.be\/WP3\/?page_id=44"},"modified":"2019-04-29T19:39:54","modified_gmt":"2019-04-29T19:39:54","slug":"acces-triathlon-wegimont-soumagne","status":"publish","type":"page","link":"https:\/\/tdch.be\/WP3\/acces-triathlon-wegimont-soumagne\/","title":{"rendered":"Acc\u00e8s au triathlon de W\u00e9gimont &#8211; Soumagne"},"content":{"rendered":"<p>Le d\u00e9part, les diff\u00e9rentes transitions et l&rsquo;arriv\u00e9e se d\u00e9rouleront au <a title=\"Site du Domaine Provincial de W\u00e9gimont\" href=\"http:\/\/www.provincedeliege.be\/wegimont\/\" target=\"_blank\" rel=\"noopener noreferrer\"><span style=\"text-decoration: underline;\"><span style=\"color: rgb(0, 102, 204);\">Domaine Provincial de W\u00e9gimont<\/span><\/span><\/a> Adresse : 76, Chauss\u00e9e de W\u00e9gimont \u00e0 4630 Soumagne<\/p>\n<p><a href=\"http:\/\/tdch.be\/WP3\/wp-content\/uploads\/2015\/03\/Piscine.jpg\"><img loading=\"lazy\" decoding=\"async\" width=\"640\" height=\"427\" class=\"alignnone size-full wp-image-459\" alt=\"Piscine\" src=\"http:\/\/tdch.be\/WP3\/wp-content\/uploads\/2015\/03\/Piscine.jpg\" srcset=\"https:\/\/tdch.be\/WP3\/wp-content\/uploads\/2015\/03\/Piscine.jpg 640w, https:\/\/tdch.be\/WP3\/wp-content\/uploads\/2015\/03\/Piscine-300x200.jpg 300w\" sizes=\"auto, (max-width: 640px) 100vw, 640px\" \/><\/a><\/p>\n<h3>En voiture<\/h3>\n<ul>\n<li>En venant de Mons-Namur (E42) : suivre la direction Aachen, autoroute A3-E40 sortie 37 Melen-Soumagne, suivre la signalisation touristique \u00ab&nbsp;W\u00e9gimont&nbsp;\u00bb d\u00e8s la sortie<\/li>\n<li>En venant de Bruxelles (E40) : suivre la direction Aachen, autoroute A3-E40 sortie 37 Melen-Soumagne, suivre la signalisation touristique \u00ab&nbsp;W\u00e9gimont&nbsp;\u00bb d\u00e8s la sortie<\/li>\n<li>En venant de Verviers (E40) : suivre la direction Li\u00e8ge, autoroute A3-E40 sortie 37 Melen-Soumagne, suivre la signalisation touristique \u00ab&nbsp;W\u00e9gimont&nbsp;\u00bb d\u00e8s la sortie<\/li>\n<\/ul>\n<p><strong>Acc\u00e8s au site et parking par l&rsquo;entr\u00e9e \u00ab&nbsp;haut du domaine&nbsp;\u00bb AUCUN acc\u00e8s par l&rsquo;entr\u00e9e \u00ab&nbsp;bas&nbsp;\u00bb<\/strong><\/p>\n<p><em><span style=\"text-decoration: underline;\"><span style=\"color: rgb(0, 102, 204);\">&nbsp;<\/span><\/span><\/em><\/p>\n<p><a href=\"http:\/\/xrun.be\" target=\"_blank\" rel=\"noopener noreferrer\"><em><img loading=\"lazy\" decoding=\"async\" width=\"452\" height=\"235\" class=\"alignnone  wp-image-465\" alt=\"logo xrun\" src=\"http:\/\/tdch.be\/WP3\/wp-content\/uploads\/2015\/03\/logo-xrun.png\"><\/em><\/a> <a href=\"http:\/\/www.pointchaud.be\/0149\/fr\/225\/BARCHON\" target=\"_blank\" rel=\"noopener noreferrer\"><em><img loading=\"lazy\" decoding=\"async\" width=\"215\" height=\"133\" class=\"alignnone  wp-image-462\" alt=\"logo point chaud copie\" src=\"http:\/\/tdch.be\/WP3\/wp-content\/uploads\/2015\/03\/logo-point-chaud-copie.jpg\"><\/em><\/a><a href=\"http:\/\/tdch.be\/WP3\/wp-content\/uploads\/2015\/03\/logo-alexmaxi.jpg\" target=\"_blank\" rel=\"noopener noreferrer\"><em><img loading=\"lazy\" decoding=\"async\" width=\"216\" height=\"151\" class=\"alignnone  wp-image-234\" alt=\"logo alexmini\" src=\"http:\/\/tdch.be\/WP3\/wp-content\/uploads\/2015\/03\/logo-alexmini.jpg\"><\/em><\/a><a href=\"http:\/\/www.bellycolor.com\/\" target=\"_blank\" rel=\"noopener noreferrer\"><em><img loading=\"lazy\" decoding=\"async\" width=\"150\" height=\"150\" class=\"size-thumbnail wp-image-214 alignnone\" alt=\"logo bellycolor\" src=\"http:\/\/tdch.be\/WP3\/wp-content\/uploads\/2015\/03\/logo-bellycolor.jpg\"><\/em><\/a><a href=\"http:\/\/www.galler.com\" target=\"_blank\" rel=\"noopener noreferrer\"><em><img loading=\"lazy\" decoding=\"async\" width=\"150\" height=\"150\" class=\"alignnone size-full wp-image-461\" alt=\"logo galler\" src=\"http:\/\/tdch.be\/WP3\/wp-content\/uploads\/2015\/03\/logo-galler.jpg\"><\/em><\/a><a href=\"http:\/\/www.willemssound.be\" target=\"_blank\" rel=\"noopener noreferrer\"><em>&nbsp;<\/em><\/a>&nbsp;&nbsp; <a href=\"http:\/\/www.e-xstream.com\/\" target=\"_blank\" rel=\"noopener noreferrer\"><img loading=\"lazy\" decoding=\"async\" width=\"150\" height=\"59\" class=\"alignnone size-full wp-image-687\" alt=\"eXstream\" src=\"http:\/\/tdch.be\/WP3\/wp-content\/uploads\/2015\/03\/eXstream.jpg\"><\/a>&nbsp;<a href=\"http:\/\/www.soumagne.be\/\" target=\"_blank\" rel=\"noopener noreferrer\"><em><img loading=\"lazy\" decoding=\"async\" width=\"150\" height=\"95\" class=\"alignnone size-full wp-image-228\" alt=\"logo communesoumagne\" src=\"http:\/\/tdch.be\/WP3\/wp-content\/uploads\/2015\/03\/logo-communesoumagne.jpg\"><\/em><\/a><a href=\"http:\/\/www.provincedeliege.be\/\" target=\"_blank\" rel=\"noopener noreferrer\"><em><img loading=\"lazy\" decoding=\"async\" width=\"150\" height=\"98\" class=\"size-thumbnail wp-image-220 alignnone\" alt=\"logo province li\u00e8ge\" src=\"http:\/\/tdch.be\/WP3\/wp-content\/uploads\/2015\/03\/logo-province-li\u00e8ge.jpg\"><\/em><\/a><em><img loading=\"lazy\" decoding=\"async\" width=\"1\" height=\"1\" class=\"alignnone size-thumbnail wp-image-217\" alt=\"logo adeps\" src=\"http:\/\/tdch.be\/WP3\/wp-content\/uploads\/2015\/03\/logo-communaut\u00e9-fran\u00e7aise.gif\"> <\/em><em><img loading=\"lazy\" decoding=\"async\" width=\"1\" height=\"1\" class=\"alignnone size-thumbnail wp-image-217\" alt=\"logo communaut\u00e9 fran\u00e7aise\" src=\"http:\/\/tdch.be\/WP3\/wp-content\/uploads\/2015\/03\/logo-communaut\u00e9-fran\u00e7aise.gif\"><a href=\"http:\/\/www.herve.be\/fr\/\" target=\"_blank\" rel=\"noopener noreferrer\"><img loading=\"lazy\" decoding=\"async\" width=\"150\" height=\"109\" class=\"alignnone size-full wp-image-595\" alt=\"Herve_PartenaireCCF\" src=\"http:\/\/tdch.be\/WP3\/wp-content\/uploads\/2015\/03\/Herve.jpg\"><\/a>&nbsp; <\/em><\/p>\n","protected":false},"excerpt":{"rendered":"<p>Le d\u00e9part, les diff\u00e9rentes transitions et l&rsquo;arriv\u00e9e se d\u00e9rouleront au Domaine Provincial de W\u00e9gimont Adresse : 76, Chauss\u00e9e de W\u00e9gimont \u00e0 4630 Soumagne En voiture En venant de Mons-Namur (E42) : suivre la direction Aachen, autoroute A3-E40 sortie 37 Melen-Soumagne, suivre la signalisation touristique \u00ab&nbsp;W\u00e9gimont&nbsp;\u00bb d\u00e8s la sortie En venant de Bruxelles (E40) : suivre [&hellip;]<\/p>\n","protected":false},"author":1,"featured_media":0,"parent":0,"menu_order":0,"comment_status":"closed","ping_status":"open","template":"","meta":{"footnotes":""},"class_list":["post-44","page","type-page","status-publish","hentry"],"_links":{"self":[{"href":"https:\/\/tdch.be\/WP3\/wp-json\/wp\/v2\/pages\/44","targetHints":{"allow":["GET"]}}],"collection":[{"href":"https:\/\/tdch.be\/WP3\/wp-json\/wp\/v2\/pages"}],"about":[{"href":"https:\/\/tdch.be\/WP3\/wp-json\/wp\/v2\/types\/page"}],"author":[{"embeddable":true,"href":"https:\/\/tdch.be\/WP3\/wp-json\/wp\/v2\/users\/1"}],"replies":[{"embeddable":true,"href":"https:\/\/tdch.be\/WP3\/wp-json\/wp\/v2\/comments?post=44"}],"version-history":[{"count":21,"href":"https:\/\/tdch.be\/WP3\/wp-json\/wp\/v2\/pages\/44\/revisions"}],"predecessor-version":[{"id":766,"href":"https:\/\/tdch.be\/WP3\/wp-json\/wp\/v2\/pages\/44\/revisions\/766"}],"wp:attachment":[{"href":"https:\/\/tdch.be\/WP3\/wp-json\/wp\/v2\/media?parent=44"}],"curies":[{"name":"wp","href":"https:\/\/api.w.org\/{rel}","templated":true}]}}