{"id":50,"date":"2015-03-04T21:48:48","date_gmt":"2015-03-04T21:48:48","guid":{"rendered":"http:\/\/tdch.be\/WP3\/?page_id=50"},"modified":"2022-08-30T21:04:47","modified_gmt":"2022-08-30T21:04:47","slug":"triathlon-de-wegimont","status":"publish","type":"page","link":"http:\/\/tdch.be\/WP3\/triathlon-de-wegimont\/","title":{"rendered":"Wegiman 2020"},"content":{"rendered":"<h2><em>&#x26a0;&#xfe0f; Information importante &#x26a0;&#xfe0f;<\/em><\/h2>\n<p><em>Vu les nouvelles r\u00e8glementations en mati\u00e8re d&rsquo;organisation de triathlon et plus particuli\u00e8rement pour la partie v\u00e9lo, nous ne sommes pas en mesure d&rsquo;organiser le W\u00e9giman en 2022. Nous cherchons une solution pour l&rsquo;\u00e9dition 2023.<br \/>\nLe comit\u00e9 WegiMan<img loading=\"lazy\" decoding=\"async\" class=\"alignnone  wp-image-465\" src=\"http:\/\/tdch.be\/WP3\/wp-content\/uploads\/2015\/03\/logo-xrun.png\" alt=\"logo xrun\" width=\"452\" height=\"235\" \/><\/em> <a style=\"font-size: 16px;\" href=\"http:\/\/www.pointchaud.be\/0149\/fr\/225\/BARCHON\" target=\"_blank\" rel=\"noopener noreferrer\"><img loading=\"lazy\" decoding=\"async\" class=\"alignnone  wp-image-462\" src=\"http:\/\/tdch.be\/WP3\/wp-content\/uploads\/2015\/03\/logo-point-chaud-copie.jpg\" alt=\"logo point chaud copie\" width=\"215\" height=\"133\" \/><\/a><a style=\"font-size: 16px;\" href=\"http:\/\/tdch.be\/WP3\/wp-content\/uploads\/2015\/03\/logo-alexmaxi.jpg\" target=\"_blank\" rel=\"noopener noreferrer\"><img loading=\"lazy\" decoding=\"async\" class=\"alignnone  wp-image-234\" src=\"http:\/\/tdch.be\/WP3\/wp-content\/uploads\/2015\/03\/logo-alexmini.jpg\" alt=\"logo alexmini\" width=\"216\" height=\"151\" \/><\/a><a style=\"font-size: 16px;\" href=\"http:\/\/www.bellycolor.com\/\" target=\"_blank\" rel=\"noopener noreferrer\"><img loading=\"lazy\" decoding=\"async\" class=\"size-thumbnail wp-image-214 alignnone\" src=\"http:\/\/tdch.be\/WP3\/wp-content\/uploads\/2015\/03\/logo-bellycolor.jpg\" alt=\"logo bellycolor\" width=\"150\" height=\"150\" \/><\/a><a style=\"font-size: 16px;\" href=\"http:\/\/www.galler.com\" target=\"_blank\" rel=\"noopener noreferrer\"><img loading=\"lazy\" decoding=\"async\" class=\"alignnone size-full wp-image-461\" src=\"http:\/\/tdch.be\/WP3\/wp-content\/uploads\/2015\/03\/logo-galler.jpg\" alt=\"logo galler\" width=\"150\" height=\"150\" \/><\/a><a style=\"font-size: 16px;\" href=\"http:\/\/www.willemssound.be\" target=\"_blank\" rel=\"noopener noreferrer\"><em>\u00a0<\/em><\/a><span style=\"font-size: 16px; color: #191e23;\">\u00a0\u00a0 <\/span><a style=\"font-size: 16px;\" href=\"http:\/\/www.e-xstream.com\/\" target=\"_blank\" rel=\"noopener noreferrer\"><img loading=\"lazy\" decoding=\"async\" class=\"alignnone size-full wp-image-687\" src=\"http:\/\/tdch.be\/WP3\/wp-content\/uploads\/2015\/03\/eXstream.jpg\" alt=\"eXstream\" width=\"150\" height=\"59\" \/><\/a><span style=\"font-size: 16px; color: #191e23;\">\u00a0<\/span><a style=\"font-size: 16px;\" href=\"http:\/\/www.soumagne.be\/\" target=\"_blank\" rel=\"noopener noreferrer\"><em><img loading=\"lazy\" decoding=\"async\" class=\"alignnone size-full wp-image-228\" src=\"http:\/\/tdch.be\/WP3\/wp-content\/uploads\/2015\/03\/logo-communesoumagne.jpg\" alt=\"logo communesoumagne\" width=\"150\" height=\"95\" \/><\/em><\/a><a style=\"font-size: 16px;\" href=\"http:\/\/www.provincedeliege.be\/\" target=\"_blank\" rel=\"noopener noreferrer\"><em><img loading=\"lazy\" decoding=\"async\" class=\"size-thumbnail wp-image-220 alignnone\" src=\"http:\/\/tdch.be\/WP3\/wp-content\/uploads\/2015\/03\/logo-province-li\u00e8ge.jpg\" alt=\"logo province li\u00e8ge\" width=\"150\" height=\"98\" \/><\/em><\/a><em style=\"font-size: 16px; color: #191e23;\"><img loading=\"lazy\" decoding=\"async\" class=\"alignnone size-thumbnail wp-image-217\" src=\"http:\/\/tdch.be\/WP3\/wp-content\/uploads\/2015\/03\/logo-communaut\u00e9-fran\u00e7aise.gif\" alt=\"logo adeps\" width=\"1\" height=\"1\" \/> <\/em><em style=\"font-size: 16px; color: #191e23;\"><img loading=\"lazy\" decoding=\"async\" class=\"alignnone size-thumbnail wp-image-217\" src=\"http:\/\/tdch.be\/WP3\/wp-content\/uploads\/2015\/03\/logo-communaut\u00e9-fran\u00e7aise.gif\" alt=\"logo communaut\u00e9 fran\u00e7aise\" width=\"1\" height=\"1\" \/><a href=\"http:\/\/www.herve.be\/fr\/\" target=\"_blank\" rel=\"noopener noreferrer\"><img loading=\"lazy\" decoding=\"async\" class=\"alignnone size-full wp-image-595\" src=\"http:\/\/tdch.be\/WP3\/wp-content\/uploads\/2015\/03\/Herve.jpg\" alt=\"Herve_PartenaireCCF\" width=\"150\" height=\"109\" \/><\/a>\u00a0<\/em><\/p>\n","protected":false},"excerpt":{"rendered":"<p>&#x26a0;&#xfe0f; Information importante &#x26a0;&#xfe0f; Vu les nouvelles r\u00e8glementations en mati\u00e8re d&rsquo;organisation de triathlon et plus particuli\u00e8rement pour la partie v\u00e9lo, nous ne sommes pas en mesure d&rsquo;organiser le W\u00e9giman en 2022. Nous cherchons une solution pour l&rsquo;\u00e9dition 2023. Le comit\u00e9 WegiMan \u00a0\u00a0\u00a0 \u00a0 \u00a0<\/p>\n","protected":false},"author":1,"featured_media":0,"parent":0,"menu_order":0,"comment_status":"closed","ping_status":"open","template":"","meta":{"footnotes":""},"class_list":["post-50","page","type-page","status-publish","hentry"],"_links":{"self":[{"href":"http:\/\/tdch.be\/WP3\/wp-json\/wp\/v2\/pages\/50","targetHints":{"allow":["GET"]}}],"collection":[{"href":"http:\/\/tdch.be\/WP3\/wp-json\/wp\/v2\/pages"}],"about":[{"href":"http:\/\/tdch.be\/WP3\/wp-json\/wp\/v2\/types\/page"}],"author":[{"embeddable":true,"href":"http:\/\/tdch.be\/WP3\/wp-json\/wp\/v2\/users\/1"}],"replies":[{"embeddable":true,"href":"http:\/\/tdch.be\/WP3\/wp-json\/wp\/v2\/comments?post=50"}],"version-history":[{"count":156,"href":"http:\/\/tdch.be\/WP3\/wp-json\/wp\/v2\/pages\/50\/revisions"}],"predecessor-version":[{"id":902,"href":"http:\/\/tdch.be\/WP3\/wp-json\/wp\/v2\/pages\/50\/revisions\/902"}],"wp:attachment":[{"href":"http:\/\/tdch.be\/WP3\/wp-json\/wp\/v2\/media?parent=50"}],"curies":[{"name":"wp","href":"https:\/\/api.w.org\/{rel}","templated":true}]}}

<h2><em>&#x26a0;&#xfe0f; Information importante &#x26a0;&#xfe0f;</em></h2>
<p><em>Vu les nouvelles règlementations en matière d&rsquo;organisation de triathlon et plus particulièrement pour la partie vélo, nous ne sommes pas en mesure d&rsquo;organiser le Wégiman en 2022. Nous cherchons une solution pour l&rsquo;édition 2023.<br />
Le comité WegiMan<img loading="lazy" decoding="async" class="alignnone  wp-image-465" src="http://tdch.be/WP3/wp-content/uploads/2015/03/logo-xrun.png" alt="logo xrun" width="452" height="235" /></em> <a style="font-size: 16px;" href="http://www.pointchaud.be/0149/fr/225/BARCHON" target="_blank" rel="noopener noreferrer"><img loading="lazy" decoding="async" class="alignnone  wp-image-462" src="http://tdch.be/WP3/wp-content/uploads/2015/03/logo-point-chaud-copie.jpg" alt="logo point chaud copie" width="215" height="133" /></a><a style="font-size: 16px;" href="http://tdch.be/WP3/wp-content/uploads/2015/03/logo-alexmaxi.jpg" target="_blank" rel="noopener noreferrer"><img loading="lazy" decoding="async" class="alignnone  wp-image-234" src="http://tdch.be/WP3/wp-content/uploads/2015/03/logo-alexmini.jpg" alt="logo alexmini" width="216" height="151" /></a><a style="font-size: 16px;" href="http://www.bellycolor.com/" target="_blank" rel="noopener noreferrer"><img loading="lazy" decoding="async" class="size-thumbnail wp-image-214 alignnone" src="http://tdch.be/WP3/wp-content/uploads/2015/03/logo-bellycolor.jpg" alt="logo bellycolor" width="150" height="150" /></a><a style="font-size: 16px;" href="http://www.galler.com" target="_blank" rel="noopener noreferrer"><img loading="lazy" decoding="async" class="alignnone size-full wp-image-461" src="http://tdch.be/WP3/wp-content/uploads/2015/03/logo-galler.jpg" alt="logo galler" width="150" height="150" /></a><a style="font-size: 16px;" href="http://www.willemssound.be" target="_blank" rel="noopener noreferrer"><em> </em></a><span style="font-size: 16px; color: #191e23;">   </span><a style="font-size: 16px;" href="http://www.e-xstream.com/" target="_blank" rel="noopener noreferrer"><img loading="lazy" decoding="async" class="alignnone size-full wp-image-687" src="http://tdch.be/WP3/wp-content/uploads/2015/03/eXstream.jpg" alt="eXstream" width="150" height="59" /></a><span style="font-size: 16px; color: #191e23;"> </span><a style="font-size: 16px;" href="http://www.soumagne.be/" target="_blank" rel="noopener noreferrer"><em><img loading="lazy" decoding="async" class="alignnone size-full wp-image-228" src="http://tdch.be/WP3/wp-content/uploads/2015/03/logo-communesoumagne.jpg" alt="logo communesoumagne" width="150" height="95" /></em></a><a style="font-size: 16px;" href="http://www.provincedeliege.be/" target="_blank" rel="noopener noreferrer"><em><img loading="lazy" decoding="async" class="size-thumbnail wp-image-220 alignnone" src="http://tdch.be/WP3/wp-content/uploads/2015/03/logo-province-liège.jpg" alt="logo province liège" width="150" height="98" /></em></a><em style="font-size: 16px; color: #191e23;"><img loading="lazy" decoding="async" class="alignnone size-thumbnail wp-image-217" src="http://tdch.be/WP3/wp-content/uploads/2015/03/logo-communauté-française.gif" alt="logo adeps" width="1" height="1" /> </em><em style="font-size: 16px; color: #191e23;"><img loading="lazy" decoding="async" class="alignnone size-thumbnail wp-image-217" src="http://tdch.be/WP3/wp-content/uploads/2015/03/logo-communauté-française.gif" alt="logo communauté française" width="1" height="1" /><a href="http://www.herve.be/fr/" target="_blank" rel="noopener noreferrer"><img loading="lazy" decoding="async" class="alignnone size-full wp-image-595" src="http://tdch.be/WP3/wp-content/uploads/2015/03/Herve.jpg" alt="Herve_PartenaireCCF" width="150" height="109" /></a> </em></p>

<p>&#x26a0;&#xfe0f; Information importante &#x26a0;&#xfe0f; Vu les nouvelles règlementations en matière d&rsquo;organisation de triathlon et plus particulièrement pour la partie vélo, nous ne sommes pas en mesure d&rsquo;organiser le Wégiman en 2022. Nous cherchons une solution pour l&rsquo;édition 2023. Le comité WegiMan        </p>
