{"id":4,"date":"2015-03-03T21:47:58","date_gmt":"2015-03-03T21:47:58","guid":{"rendered":"http:\/\/tdch.be\/WP3\/?page_id=4"},"modified":"2015-03-09T21:14:25","modified_gmt":"2015-03-09T21:14:25","slug":"accueil","status":"publish","type":"page","link":"http:\/\/tdch.be\/WP3\/","title":{"rendered":"Accueil"},"content":{"rendered":"<h1><\/h1>\n<p>Sports individuels et d&rsquo;endurances qui permettent l&rsquo;association de plusieurs disciplines dans une m\u00eame \u00e9preuve continue.<\/p>\n<h1>Le triathlon<\/h1>\n<p>C&rsquo;est la combinaison de trois sports:<\/p>\n<ul>\n<li>la natation<\/li>\n<li>le v\u00e9lo<\/li>\n<li>la course \u00e0 pied<\/li>\n<\/ul>\n<p>Diff\u00e9rentes distances:<\/p>\n<table border=\"1\" cellpadding=\"2\" align=\"left\">\n<tbody>\n<tr>\n<td>\n<div align=\"center\"><span style=\"font-family: Century Gothic; font-size: small;\">Cat\u00e9gories<\/span><\/div>\n<\/td>\n<td colspan=\"3\">\n<div align=\"center\"><span style=\"font-family: Century Gothic; font-size: small;\">Distances (en km)<\/span><\/div>\n<\/td>\n<\/tr>\n<tr>\n<td><\/td>\n<td>\n<div align=\"center\"><span style=\"font-family: Century Gothic; font-size: small;\">Natation<\/span><\/div>\n<\/td>\n<td>\n<div align=\"center\"><span style=\"font-family: Century Gothic; font-size: small;\">V\u00e9lo<\/span><\/div>\n<\/td>\n<td>\n<div align=\"center\"><span style=\"font-family: Century Gothic; font-size: small;\">Course \u00e0 Pied<\/span><\/div>\n<\/td>\n<\/tr>\n<tr>\n<td>\n<div align=\"left\"><span style=\"font-family: Century Gothic; font-size: small;\">Promotion<\/span><\/div>\n<\/td>\n<td>\n<div align=\"center\"><span style=\"font-family: Century Gothic; font-size: small;\">0,5<\/span><\/div>\n<\/td>\n<td>\n<div align=\"center\"><span style=\"font-family: Century Gothic; font-size: small;\">20<\/span><\/div>\n<\/td>\n<td>\n<div align=\"center\"><span style=\"font-family: Century Gothic; font-size: small;\">5<\/span><\/div>\n<\/td>\n<\/tr>\n<tr>\n<td>\n<div align=\"left\"><span style=\"font-family: Century Gothic; font-size: small;\">Sprint<\/span><\/div>\n<\/td>\n<td>\n<div align=\"center\"><span style=\"font-family: Century Gothic; font-size: small;\">0,75<\/span><\/div>\n<\/td>\n<td>\n<div align=\"center\"><span style=\"font-family: Century Gothic; font-size: small;\">20<\/span><\/div>\n<\/td>\n<td>\n<div align=\"center\"><span style=\"font-family: Century Gothic; font-size: small;\">5<\/span><\/div>\n<\/td>\n<\/tr>\n<tr>\n<td>\n<div align=\"left\"><span style=\"font-family: Century Gothic; font-size: small;\">Courte Distance<\/span><\/div>\n<\/td>\n<td>\n<div align=\"center\"><span style=\"font-family: Century Gothic; font-size: small;\">1,5<\/span><\/div>\n<\/td>\n<td>\n<div align=\"center\"><span style=\"font-family: Century Gothic; font-size: small;\">40<\/span><\/div>\n<\/td>\n<td>\n<div align=\"center\"><span style=\"font-family: Century Gothic; font-size: small;\">10<\/span><\/div>\n<\/td>\n<\/tr>\n<tr>\n<td>\n<div align=\"left\"><span style=\"font-family: Century Gothic; font-size: small;\">Moyenne Distance<\/span><\/div>\n<\/td>\n<td>\n<div align=\"center\"><span style=\"font-family: Century Gothic; font-size: small;\">2,5 (1,9) <\/span><\/div>\n<\/td>\n<td>\n<div align=\"center\"><span style=\"font-family: Century Gothic; font-size: small;\">80 (90) <\/span><\/div>\n<\/td>\n<td>\n<div align=\"center\"><span style=\"font-family: Century Gothic; font-size: small;\">20 (21,1) <\/span><\/div>\n<\/td>\n<\/tr>\n<tr>\n<td>\n<div align=\"left\"><span style=\"font-family: Century Gothic; font-size: small;\">Longue Distance<\/span><\/div>\n<\/td>\n<td>\n<div align=\"center\"><span style=\"font-family: Century Gothic; font-size: small;\">4<\/span><\/div>\n<\/td>\n<td>\n<div align=\"center\"><span style=\"font-family: Century Gothic; font-size: small;\">120<\/span><\/div>\n<\/td>\n<td>\n<div align=\"center\"><span style=\"font-family: Century Gothic; font-size: small;\">30<\/span><\/div>\n<\/td>\n<\/tr>\n<tr>\n<td>\n<div align=\"left\"><span style=\"font-family: Century Gothic; font-size: small;\">Ironman<\/span><\/div>\n<\/td>\n<td>\n<div align=\"center\"><span style=\"font-family: Century Gothic; font-size: small;\">3,8<\/span><\/div>\n<\/td>\n<td>\n<div align=\"center\"><span style=\"font-family: Century Gothic; font-size: small;\">180<\/span><\/div>\n<\/td>\n<td>\n<div align=\"center\"><span style=\"font-family: Century Gothic; font-size: small;\">42,195<\/span><\/div>\n<\/td>\n<\/tr>\n<\/tbody>\n<\/table>\n<p>&nbsp;<\/p>\n<h1>\u00a0Le duathlon<\/h1>\n<p>C&rsquo;est la combinaison de\u00a0deux sports:<\/p>\n<ul>\n<li>la course \u00e0 pied<\/li>\n<li>le v\u00e9lo<\/li>\n<\/ul>\n<p>Diff\u00e9rentes distances:<\/p>\n<table border=\"1\" cellpadding=\"2\" align=\"left\">\n<tbody>\n<tr>\n<td>\n<div align=\"center\"><span style=\"font-family: Century Gothic; font-size: small;\">Cat\u00e9gories<\/span><\/div>\n<\/td>\n<td colspan=\"3\">\n<div align=\"center\"><span style=\"font-family: Century Gothic; font-size: small;\">Distances (en km)<\/span><\/div>\n<\/td>\n<\/tr>\n<tr>\n<td><\/td>\n<td>\n<div align=\"center\"><span style=\"font-family: Century Gothic; font-size: small;\">Course \u00e0 Pied<\/span><\/div>\n<\/td>\n<td>\n<div align=\"center\"><span style=\"font-family: Century Gothic; font-size: small;\">V\u00e9lo<\/span><\/div>\n<\/td>\n<td>\n<div align=\"center\"><span style=\"font-family: Century Gothic; font-size: small;\">Course \u00e0 Pied<\/span><\/div>\n<\/td>\n<\/tr>\n<tr>\n<td>\n<div align=\"left\"><span style=\"font-family: Century Gothic; font-size: small;\">Sprint<\/span><\/div>\n<\/td>\n<td>\n<div align=\"center\"><span style=\"font-family: Century Gothic; font-size: small;\">5<\/span><\/div>\n<\/td>\n<td>\n<div align=\"center\"><span style=\"font-family: Century Gothic; font-size: small;\">20<\/span><\/div>\n<\/td>\n<td>\n<div align=\"center\"><span style=\"font-family: Century Gothic; font-size: small;\">2,5<\/span><\/div>\n<\/td>\n<\/tr>\n<tr>\n<td>\n<div align=\"left\"><span style=\"font-family: Century Gothic; font-size: small;\">Courte Distance<\/span><\/div>\n<\/td>\n<td>\n<div align=\"center\"><span style=\"font-family: Century Gothic; font-size: small;\">10<\/span><\/div>\n<\/td>\n<td>\n<div align=\"center\"><span style=\"font-family: Century Gothic; font-size: small;\">40<\/span><\/div>\n<\/td>\n<td>\n<div align=\"center\"><span style=\"font-family: Century Gothic; font-size: small;\">5<\/span><\/div>\n<\/td>\n<\/tr>\n<tr>\n<td>\n<div align=\"left\"><span style=\"font-family: Century Gothic; font-size: small;\">Longue Distance<\/span><\/div>\n<\/td>\n<td>\n<div align=\"center\"><span style=\"font-family: Century Gothic; font-size: small;\">10<\/span><\/div>\n<\/td>\n<td>\n<div align=\"center\"><span style=\"font-family: Century Gothic; font-size: small;\">60<\/span><\/div>\n<\/td>\n<td>\n<div align=\"center\"><span style=\"font-family: Century Gothic; font-size: small;\">10<\/span><\/div>\n<\/td>\n<\/tr>\n<tr>\n<td>\n<div align=\"left\"><span style=\"font-family: Century Gothic; font-size: small;\">Powerman<\/span><\/div>\n<\/td>\n<td>\n<div align=\"center\"><span style=\"font-family: Century Gothic; font-size: small;\">15<\/span><\/div>\n<\/td>\n<td>\n<div align=\"center\"><span style=\"font-family: Century Gothic; font-size: small;\">120<\/span><\/div>\n<\/td>\n<td>\n<div align=\"center\"><span style=\"font-family: Century Gothic; font-size: small;\">30<\/span><\/div>\n<\/td>\n<\/tr>\n<\/tbody>\n<\/table>\n<p>&nbsp;<\/p>\n<p>&nbsp;<\/p>\n<p>&nbsp;<\/p>\n<p>&nbsp;<\/p>\n<p>&nbsp;<\/p>\n","protected":false},"excerpt":{"rendered":"<p>Sports individuels et d&rsquo;endurances qui permettent l&rsquo;association de plusieurs disciplines dans une m\u00eame \u00e9preuve continue. Le triathlon C&rsquo;est la combinaison de trois sports: la natation le v\u00e9lo la course \u00e0 pied Diff\u00e9rentes distances: Cat\u00e9gories Distances (en km) Natation V\u00e9lo Course \u00e0 Pied Promotion 0,5 20 5 Sprint 0,75 20 5 Courte Distance 1,5 40 10 [&hellip;]<\/p>\n","protected":false},"author":1,"featured_media":0,"parent":0,"menu_order":0,"comment_status":"closed","ping_status":"closed","template":"","meta":{"footnotes":""},"class_list":["post-4","page","type-page","status-publish","hentry"],"_links":{"self":[{"href":"http:\/\/tdch.be\/WP3\/wp-json\/wp\/v2\/pages\/4","targetHints":{"allow":["GET"]}}],"collection":[{"href":"http:\/\/tdch.be\/WP3\/wp-json\/wp\/v2\/pages"}],"about":[{"href":"http:\/\/tdch.be\/WP3\/wp-json\/wp\/v2\/types\/page"}],"author":[{"embeddable":true,"href":"http:\/\/tdch.be\/WP3\/wp-json\/wp\/v2\/users\/1"}],"replies":[{"embeddable":true,"href":"http:\/\/tdch.be\/WP3\/wp-json\/wp\/v2\/comments?post=4"}],"version-history":[{"count":8,"href":"http:\/\/tdch.be\/WP3\/wp-json\/wp\/v2\/pages\/4\/revisions"}],"predecessor-version":[{"id":91,"href":"http:\/\/tdch.be\/WP3\/wp-json\/wp\/v2\/pages\/4\/revisions\/91"}],"wp:attachment":[{"href":"http:\/\/tdch.be\/WP3\/wp-json\/wp\/v2\/media?parent=4"}],"curies":[{"name":"wp","href":"https:\/\/api.w.org\/{rel}","templated":true}]}}